*h + 38. Let k(x) = 23*x - 46. What are the prime factors of k(h)?
5, 23
Suppose -4*r + f = -240 - 2779, 3 = -f. What are the prime factors of r?
2, 13, 29
Suppose 0 - 6 = -2*i. Let x be (-5)/(15/(-36)) - i. List the prime factors of (-2)/x + (-440)/(-36).
2, 3
Suppose 203 - 515 = -3*x. List the prime factors of x.
2, 13
What are the prime factors of 2/10 - (-58604)/130?
11, 41
Let s(y) = 68*y**2 - 10*y - 4. List the prime factors of s(-8).
2, 3, 41
Let d = -17 - -18. What are the prime factors of (d - -1 - 13)*-12?
2, 3, 11
Suppose 3*j + 4*m = 1170, -390 = -8*j + 7*j + 5*m. What are the prime factors of j?
2, 3, 5, 13
Let z(g) = -2*g**3 - 2*g**2 - g - 2. Let t be z(-4). Let o = t + -46. What are the prime factors of o?
2, 13
Suppose 3*y + 0*z - 78 = -3*z, -3*y + 4*z + 71 = 0. List the prime factors of (y/4)/(7/84).
3, 5
Let t be 8/10*(-6265)/(-14). Suppose -22 = -4*s + t. What are the prime factors of s?
5, 19
Suppose 7*m + m = -11*m. Suppose m = -2*z - 24 + 176. What are the prime factors of z?
2, 19
Let g be 11 + 5*2/10. What are the prime factors of g + 8/(-2) - -2?
2, 5
What are the prime factors of -3*(-21)/(-9) - -1310 - 0?
1303
Let n be (-8)/36 + ((-475)/9)/1. Let m = n + 156. List the prime factors of m.
103
Let q(j) = 6*j**3 - j**2 + 9*j - 19. What are the prime factors of q(5)?
751
Suppose 3*p + g = 9, -p - 2*p + 4*g = -9. Suppose -p*v - 5*c = -108, -2*c - 79 + 278 = 5*v. What are the prime factors of v?
41
Let m(z) = 108*z + 526. List the prime factors of m(40).
2, 2423
Suppose -4*a - 1 = -5. What are the prime factors of a/(2/672*4)?
2, 3, 7
Suppose -68 = -11*y + 1571. What are the prime factors of y?
149
Let r be 3/(18/80)*(-63)/(-12). Suppose 4*c - r = 2. What are the prime factors of c?
2, 3
Suppose -3*f + 4 = -2. Suppose 3*z + 3*q = -f - 1, -3*q = 0. List the prime factors of (-4 - z) + 4 - -15.
2
Let s(p) = 12 + 0 - p**2 - 7 + 8 + 14*p. List the prime factors of s(10).
53
Let y = 9 - 28. Let a = 45 + y. List the prime factors of a.
2, 13
Let m = 93 + -57. Suppose -8*z = -5*z - m. Suppose z*t - 58 = 10*t. What are the prime factors of t?
29
Let q(l) = -27*l + 644. What are the prime factors of q(-19)?
13, 89
What are the prime factors of 1301 + ((-6)/(-36))/((-1)/(-12))?
1303
Let v = 10 + -14. Let t be v/5*(-20)/2. What are the prime factors of 62/t*8/2?
31
Let z = -308 - -481. List the prime factors of z.
173
Suppose 4*u = o - 27, -4*o + 4*u + 0*u = -48. Let p = o - 2. Suppose 5*n - 15 = p. What are the prime factors of n?
2
Suppose -2*s - 4*c = c + 11, -4*s - 3*c - 1 = 0. Suppose 3*d = -2*d - 15. What are the prime factors of -3 - -54 - s - d?
2, 13
Let b(r) = 3*r**2 + 4*r - 4. Let a be b(5). Let g = a - 30. What are the prime factors of g?
61
Suppose -9 = -4*c + 7. Let r be (c/8)/((-1)/(-10)). Let b(u) = u**3 - 4*u**2 - 2*u - 1. List the prime factors of b(r).
2, 7
What are the prime factors of (-31 + 38)*(0 + (-306)/(-7))?
2, 3, 17
Let s(w) = 14*w + 1. Let x be s(8). Suppose -168 = x*p - 114*p. What are the prime factors of p?
2, 3, 7
List the prime factors of (-5)/((-15)/717) + 4.
3
Let l be (4/7)/(22/7 + -3). Suppose -l*z - z = -w + 234, -w - 3*z + 226 = 0. What are the prime factors of w?
229
Let j = -9 + 14. Suppose -j*p + 2*p = -12. What are the prime factors of 1*-2*p*-1?
2
Suppose 2*z = 4*z. Suppose -2*p = -4*a + 608, p - 4*p - 6 = z. List the prime factors of a.
151
Suppose 16*n = -4*n + 14340. List the prime factors of n.
3, 239
What are the prime factors of 8972/15 + 3/((-405)/18)?
2, 13, 23
Let w = 4708 - 2295. List the prime factors of w.
19, 127
Suppose -9*i + 3*i = -3*i. Suppose w = 3*p + 50, w - 2*p = -i*p + 55. What are the prime factors of w?
5, 13
Let o = -120 - -1450. List the prime factors of o.
2, 5, 7, 19
Let f = -108 + 106. List the prime factors of 3*(-1)/(f/98).
3, 7
List the prime factors of (-16*6 - 2)*-5.
2, 5, 7
Let h(g) = g**3 - g**2 + 10*g + 1. Let n(r) = -2*r**3 + 4*r**2 - 2. Let o be n(-1). List the prime factors of h(o).
89
Let v = -32 + 36. Suppose 2*r - 205 = -3*x, 2*x + v*r - 55 = 95. List the prime factors of x.
5, 13
Let v = 14 + -14. Let p be 6 - v*(-2)/6. Suppose p = x + m + 2*m, -3*m = 0. What are the prime factors of x?
2, 3
Let m = 58 + -53. Suppose 3*r + 153 = 3*a + 8*r, -2*r - 224 = -m*a. List the prime factors of a.
2, 23
Suppose -a - 3 = 3*u + 2*u, 5*a = -u + 9. Suppose -5 = -r + 5*b, -a*r + 2*b = -2*b - 22. What are the prime factors of r?
3, 5
What are the prime factors of ((-36)/(0 - -4))/((-2)/178)?
3, 89
Let b be (-7)/(-21)*(563 - -1). Suppose 4*v - b = -40. List the prime factors of v.
37
Suppose 5 = 7*i - 6*i. Let b = 19 + 2. Suppose 0 = -r + b + i. What are the prime factors of r?
2, 13
Suppose 3*p = -0*p + 150. Let m(a) = 6*a + 59. Let r be m(-10). What are the prime factors of p/(-20)*(r - 1)?
5
Suppose -a - 840 = -4*a. Suppose -5*d + 290 + a = 0. What are the prime factors of d?
2, 3, 19
Let x(c) = 6*c - 18. Let g be x(8). What are the prime factors of (-17878)/(-210) + (-4)/g?
5, 17
Let r = 910 + -529. List the prime factors of r.
3, 127
Suppose 3*c + 100 = -4*y - y, -4*y = -c + 63. Let v be 1 + y - 6/3. What are the prime factors of (2 + -1)/((-2)/v)?
3
Let f(t) = -134*t + 8. List the prime factors of f(-1).
2, 71
Suppose -5*y - 1808 = -3*g, 2*g + 0*g + y - 1188 = 0. Suppose -4*a - 200 + g = 0. What are the prime factors of a?
3, 11
Let j(l) = -2*l**2 - 7*l - 4. Let h be j(-3). Suppose -n = -70 + 22. Let f = h + n. List the prime factors of f.
47
What are the prime factors of -1 + 725 + (2 + 3 - 7)?
2, 19
Let a = 347 + 155. List the prime factors of a.
2, 251
Suppose -4*l = 0, -u - l + 2*l = 5. List the prime factors of (16/6)/(2335/465 + u).
2, 31
Let v be 51/(-9) + 4/(-12). What are the prime factors of (0 - 248)/(18/v + 2)?
2, 31
Suppose 75 + 3 = 3*k. Let q = k - 15. What are the prime factors of q?
11
Suppose 6 - 4 = r. Suppose -5 = 4*x - 3*x + g, -2*x + r*g - 26 = 0. What are the prime factors of x + 13 + (-1 - -1)?
2
Let c = -240 - -603. List the prime factors of c.
3, 11
Let n(d) = -38*d + 7. Suppose 4 = -5*o - 6. List the prime factors of n(o).
83
Let x(k) = 22*k + 10. Let p = -58 + 62. List the prime factors of x(p).
2, 7
Let f = -681 + 1243. What are the prime factors of f?
2, 281
Suppose -3*c - 2*m = -500, -4*c + 3*m = -556 - 88. Suppose 5*j - 2*p - c = 182, -200 = -3*j + 5*p. List the prime factors of j.
2, 5, 7
Suppose 0 = 19*f + 7899 - 45728. List the prime factors of f.
11, 181
Let g(h) = 18*h**2 - 1. Suppose 2*c + 1 = -29. Let f = -16 - c. What are the prime factors of g(f)?
17
Let l = 3 + 3. List the prime factors of 3/l - (-169)/2.
5, 17
Let x(n) = n**2 + 87*n - 16. What are the prime factors of x(8)?
2, 3, 31
Suppose 5*w + 4*q + 132 = -0*w, -4*q - 12 = 0. What are the prime factors of w*(-10)/3 + -1?
79
Let z be (20/(-70))/((-2)/14). Let p = 1 - z. List the prime factors of 2 - (p + (-1 - -1)).
3
Suppose 0 = -5*k - 0*k - 310. Let m = k + 113. List the prime factors of m.
3, 17
Let y(c) = c**3 - 10*c**2 - 9*c + 82. What are the prime factors of y(13)?
2, 59
Let w = 30 + -30. Suppose 3*m - 4*m + 35 = w. What are the prime factors of m?
5, 7
Let l(x) = x**2 - 25*x - 14. Let s be l(25). Let r = 91 - s. What are the prime factors of r?
3, 5, 7
Let q(x) = -265*x - 154. What are the prime factors of q(-4)?
2, 3, 151
Let x be (4 - (-6)/(-2))*3. Suppose r - y - x = 3, 5*y = -10. Suppose 89 + 63 = r*m. What are the prime factors of m?
2, 19
Let q(h) = 1 + 0*h**2 + 224*h + 2 - 227*h + 4*h**2. List the prime factors of q(-4).
79
Let s(h) = 7*h**2 + 7*h + 7. Let z be s(-4). Suppose 7*o + 0*o = z. List the prime factors of o.
13
Let g = -1366 + 1920. What are the prime factors of g?
2, 277
Let o(x) = x**3 - 5*x**2 + x - 5. Let b be o(5). Suppose b = 7*d - 172 - 402. List the prime factors of d.
2, 41
Suppose -2*i = 3*w + 10, -w - 4*i = -0*w + 20. Suppose 3*j = -w*j - 2*p + 461, 0 = 4*j + 2*p - 616. Suppose 4*k + k = j. What are the prime factors of k?
31
Let x(v) = -7*v**3 + 3*v**2 + 2*v. List the prime factors of x(-5).
2, 5, 47
Suppose -164 = -2*l - 2*c + 212, 0 = 3*l - 4*c - 529. List the prime factors of l.
3, 61
Suppose -p - 3*p = -44. Suppose p*g = 8*g. List the prime factors of 2/1 + (g - -6).
2
Suppose 2*y - 693 - 2957 = 3*p, 4*p = 2*y - 3646. L